{"id":19,"date":"2017-01-01T16:00:00","date_gmt":"2017-01-01T16:00:00","guid":{"rendered":"https:\/\/www.informationsportal.de\/?page_id=19"},"modified":"2025-11-13T14:06:35","modified_gmt":"2025-11-13T13:06:35","slug":"datenschutz","status":"publish","type":"page","link":"https:\/\/www.informationsportal.de\/bahn-bkk\/datenschutz\/","title":{"rendered":"Datenschutzhinweis"},"content":{"rendered":"<h2>Datenschutzhinweis<\/h2>\r\n<p>Der Schutz Ihrer Privatsph\u00e4re ist f\u00fcr uns sehr wichtig. Gem\u00e4\u00df Artikel 13 DS-GVO informieren wir Sie \u00fcber den Umgang mit Ihren Daten.<\/p>\r\n<h2>Speicherung von Zugriffsdaten in Server-Logfiles<\/h2>\r\n<p>Sie k\u00f6nnen unsere Webseiten besuchen, ohne Angaben zu Ihrer Person zu machen. Die Applikation, mit der diese Seite betrieben wird (\u201eWordpress\u201c + Plugins) speichert einige Zugriffsdaten in sogenannten Server-Logfiles, wie z. B. den Namen der angeforderten Datei, Datum und Uhrzeit des Abrufs, \u00fcbertragene Datenmenge und den anfragenden Provider. Diese Daten werden ausschlie\u00dflich zur Sicherstellung eines st\u00f6rungsfreien Betriebs der Seite und zur Verbesserung unseres Angebots ausgewertet. So wird bei fehlerhaften Anmeldeversuchen die IP-Adresse f\u00fcr 14 Tage gespeichert. Die Speicherdauer geht \u00fcber 7 Tage hinaus, weil es erst dann m\u00f6glich ist Hacking-Versuche zu analysieren und zu unterbinden. Die Analyse umfasst beispielsweise die Betrachtung der Zugriffsversuche auf nicht existente Inhalte (\u201e404 Detection\u201c). Mit dieser Methode k\u00f6nnen Hacker ausfindig gemacht werden und anhand Ihrer IP-Adresse f\u00fcr die Webseite gesperrt werden.<\/p>\r\n<h2>Datenerhebung und -verwendung<\/h2>\r\n<p>Das Informationsportal f\u00fcr Arbeitgeber tr\u00e4gt zur Erf\u00fcllung der Auskunftspflicht der Sozialversicherungstr\u00e4ger nach \u00a7 104 Satz 3 SGB IV bei. Dieses Portal wird gem\u00e4\u00df \u00a7 105 SGB IV im Auftrag der Sozialversicherungstr\u00e4ger durch die ITSG GmbH betrieben und soll insbesondere neuen, kleinen und mittleren Arbeitgebern helfen, ihre sozialversicherungsrechtlichen Pflichten als Arbeitgeber bei einer Neueinstellung eines Besch\u00e4ftigten und bei Ver\u00e4nderung in einer Besch\u00e4ftigung zu ermitteln. Dar\u00fcber hinaus dient es durch die Hinterlegung aktueller Rundschreiben, Besprechungsergebnisse und allgemein zug\u00e4nglichen Informationen der Spitzenorganisationen der Sozialversicherung als Wissensquelle f\u00fcr die Arbeitgeber.<\/p>\r\n<p>Ihre personenbezogenen Daten erheben wir, wenn Sie uns diese im Rahmen einer Kontaktaufnahme mit uns (z. B. per Kontaktformular oder E-Mail) freiwillig mitteilen. Welche Daten erhoben werden, ist aus den jeweiligen Eingabeformularen ersichtlich. Wir verwenden die von Ihnen mitgeteilten Daten gem\u00e4\u00df Art. 6 Abs. 1 lit b und f DS-GVO zur Vertragsabwicklung und Bearbeitung Ihrer Anfragen.<\/p>\r\n<h2>Weitergabe an Dritte<\/h2>\r\n<p>Wir geben Ihre personenbezogenen Daten grunds\u00e4tzlich nicht an Dritte weiter. Aufgrund gesetzlicher Vorgaben k\u00f6nnten wir jedoch im Ausnahmefall rechtlich dazu verpflichtet sein, Nutzerdaten der Besucher unserer Website an dritte Stellen herauszugeben (z. B. an Strafverfolgungsbeh\u00f6rden beim Verdacht der Begehung einer Straftat oder bei Missbrauch unserer Website).<\/p>\r\n<h2>Einsatz von Share-Buttons, um Inhalte in sozialen Medien zu teilen<\/h2>\r\n<p>Auf einigen Seiten der Website haben Sie die M\u00f6glichkeit, den jeweiligen Inhalt in Facebook, Twitter oder LinkedIn zu teilen. Hierbei besteht die M\u00f6glichkeit, dass sie dieses Teilen mit anderen Daten, die Sie vielleicht in den Netzwerken selbst preisgegeben haben, verkn\u00fcpfen.<br \/>Die Social-Buttons erm\u00f6glichen eine Interaktion mit den sozialen Diensten (z. B. das Teilen einer besuchten Seite). Um eine unerw\u00fcnschte \u00dcbertragung Ihrer Nutzungsdaten (z. B. Adresse der aktuell besuchten Seite) an diese Dienste zu verhindern, werden die Funktionen erst mit Klick auf einen Link aktiviert.<br \/>Die sozialen Netzwerke k\u00f6nnen nach Aktivierung u. U. Nutzerdaten erheben. Inwiefern diese Daten erhoben und ausgewertet werden, kann von uns nicht beeinflusst werden. Informationen zum Datenschutz der jeweiligen sozialen Netzwerke finden Sie auf den Seiten der Anbieter.<br \/>Zweck und Umfang der Datenerhebung durch die sozialen Dienste, sowie die dortige weitere Verarbeitung und Nutzung Ihrer Daten wie auch Ihre diesbez\u00fcglichen Rechte und Einstellungsm\u00f6glichkeiten zum Schutz Ihrer Privatsph\u00e4re entnehmen Sie bitte den Datenschutzhinweisen dieser Dienste.<strong><br \/><\/strong><\/p>\r\n<h2>Automatisierte Einzelentscheidungen oder Profiling gem. Art. 22 Abs. 1 und 4 DS-GVO f\u00fchren wir nicht durch.<\/h2>\r\n<p><strong>\u00a0<\/strong><\/p>\r\n<h2>Verwendung von Cookies<\/h2>\r\n<p>Um den Besuch unserer Website attraktiv zu gestalten und die Nutzung bestimmter Funktionen zu erm\u00f6glichen, verwenden wir sogenannte Cookies. Hierbei handelt es sich um kleine Textdateien, die auf Ihrem Endger\u00e4t gespeichert werden. Einige der von uns verwendeten Cookies werden nach Ende der Browser-Sitzung, also nach Schlie\u00dfen Ihres Browsers, wieder gel\u00f6scht (sogenannte Sitzungs-Cookies). Andere Cookies verbleiben auf Ihrem Endger\u00e4t und erm\u00f6glichen uns, Ihren Browser beim n\u00e4chsten Besuch wiederzuerkennen (persistente Cookies). Einige der Cookies sind essentiell.<br \/>Sie k\u00f6nnen Ihren Browser so einstellen, dass Sie \u00fcber das Setzen von Cookies informiert werden und einzeln \u00fcber deren Annahme entscheiden oder die Annahme von Cookies f\u00fcr bestimmte F\u00e4lle oder generell ausschlie\u00dfen. Dar\u00fcber hinaus k\u00f6nnen Sie dem Setzen eines Statistik-Cookies zustimmen.<\/p>\r\n<h2>Einwilligung mit Borlabs Cookie<\/h2>\r\n<p>Unsere Website nutzt die Consent-Technologie von Borlabs Cookie, um Ihre Einwilligung zur Speicherung bestimmter Cookies in Ihrem Browser oder zum Einsatz bestimmter Technologien einzuholen und diese datenschutzkonform zu dokumentieren. Anbieter dieser Technologie ist die Borlabs GmbH, R\u00fcbenkamp 32, 22305 Hamburg (im Folgenden Borlabs).<\/p>\r\n<p>Wenn Sie unsere Website betreten, wird ein Borlabs-Cookie in Ihrem Browser gespeichert, in dem die von Ihnen erteilten Einwilligungen oder der Widerruf dieser Einwilligungen gespeichert werden. Diese Daten werden nicht an den Anbieter von Borlabs Cookie weitergegeben.<\/p>\r\n<p>Die erfassten Daten werden gespeichert, bis Sie uns zur L\u00f6schung auffordern bzw. das Borlabs-Cookie selbst l\u00f6schen oder der Zweck f\u00fcr die Datenspeicherung entf\u00e4llt. Zwingende gesetzliche Aufbewahrungsfristen bleiben unber\u00fchrt. Details zur Datenverarbeitung von Borlabs Cookie finden Sie unter\u00a0<a href=\"https:\/\/de.borlabs.io\/kb\/welche-daten-speichert-borlabs-cookie\/\">https:\/\/de.borlabs.io\/kb\/welche-daten-speichert-borlabs-cookie\/<\/a>.<\/p>\r\n<p>Der Einsatz der Borlabs-Cookie-Consent-Technologie erfolgt, um die gesetzlich vorgeschriebenen Einwilligungen f\u00fcr den Einsatz von Cookies einzuholen. Rechtsgrundlage hierf\u00fcr ist Art. 6 Abs. 1 lit. c DSGVO.<\/p>\r\n<h2>Nutzung von Matomo<\/h2>\r\n<p>Unsere Website verwendet Matomo. Dabei handelt es sich um einen sogenannten Webanalysedienst. Matomo verwendet sogenannte \u201eCookies\u201c. Das sind Textdateien, die auf Ihrem Computer gespeichert werden und die unsererseits eine Analyse der Benutzung der Webseite erm\u00f6glichen. Zu diesem Zweck werden die durch den Cookie erzeugten Nutzungsinformationen (einschlie\u00dflich Ihrer gek\u00fcrzten IP\u2011Adresse) an unseren Server \u00fcbertragen und zu Nutzungsanalysezwecken gespeichert, was der Webseitenoptimierung unsererseits dient. Ihre IP-Adresse wird bei diesem Vorgang umgehend anonymisiert, so dass Sie als Nutzer f\u00fcr uns anonym bleiben. Die durch den Cookie erzeugten Informationen \u00fcber Ihre Benutzung dieser Webseite werden nicht an Dritte weitergegeben. Sie k\u00f6nnen das Setzen dieses Cookies ablehnen.<\/p>\r\n<h2>Vorlesefunktion \u201eVoice Reader Web\u201c<\/h2>\r\n<p>Zur Verbesserung der Barrierefreiheit verwenden wir den VoiceReader (Linguatec GmbH, Gottfried-Keller-Str. 12, 81245 M\u00fcnchen, Fon: 089 896664-0,\u00a0E-Mail: <a href=\"mailto:datenschutz@linguatec.de\">datenschutz@linguatec.de<\/a>, vertreten durch Dr. Reinhard Busch). Voice Reader Web ist ein Vorlesedienst f\u00fcr \u00f6ffentliche Internetinhalte. Sie als Nutzer k\u00f6nnen den Vorleseservice mit einem Klick auf die Vorlese-Schaltfl\u00e4che aktivieren. Linguatec erh\u00e4lt dann direkt von Ihrem Browser den Webseiten-Text und generiert daraus eine Audiodatei. Die Audiodatei wird im Streaming-Verfahren an Ihre IP-Adresse\u00a0 zur\u00fcckgesendet. Au\u00dfer Ihrer IP-Adresse werden keine personenbezogenen Daten erfasst. Die IP-Adresse wird nach erfolgter Verarbeitung gel\u00f6scht.<\/p>\r\n<p>Die Verarbeitung Ihrer IP-Adresse zur \u00dcbertragung der Audioinhalte erfolgt zur Wahrung unserer nach Interessenabw\u00e4gung \u00fcberwiegenden berechtigten Interessen iSd Art. 6 Abs. 1 lit. f DSGVO an der Bereitstellung einer barrierefreien Nutzungsm\u00f6glichkeit unserer Website.<\/p>\r\n<h2>Ihre Rechte<\/h2>\r\n<p>Ihre Rechte umfassen die unentgeltliche Auskunft \u00fcber die bei uns zu Ihrer Person gespeicherten Daten, sowie das Recht auf Berichtigung oder L\u00f6schung, oder der Einschr\u00e4nkung der Verarbeitung, das Widerspruchrecht gegen die Verarbeitung sowie das Recht auf Daten\u00fcbertragbarkeit.<\/p>\r\n<p>Falls keine steuer- und handelsrechtlichen Aufbewahrungsfristen bestehen, ist die L\u00f6schung Ihrer Daten jederzeit m\u00f6glich. Sie k\u00f6nnen die L\u00f6schung oder Einschr\u00e4nkung entweder durch eine Nachricht an die unten beschriebene Kontaktm\u00f6glichkeit oder \u00fcber eine daf\u00fcr vorgesehene Funktion im jeweiligen Kundenkonto beantragen.<\/p>\r\n<p>Verantwortliche Stelle f\u00fcr den Datenschutz auf Bundesebene ist der Bundesbeauftragte f\u00fcr den Datenschutz und die Informationsfreiheit (BfDI).<br \/>Die BfDI \u00fcberwacht die Einhaltung der datenschutzrechtlichen Vorschriften bei der ITSG GmbH.<br \/>Bei datenschutzrechtlichen Fragen oder Beschwerden k\u00f6nnen Sie sich direkt an die BfDI wenden:<br \/><br \/>Bundesbeauftragter f\u00fcr den Datenschutz und die Informationsfreiheit (BfDI)<br \/>Adresse:<br \/>Graurheindorfer Stra\u00dfe 153<br \/>53117 Bonn<br \/>Telefon: 0228 997799-0<br \/>E-Mail: poststelle@bfdi.bund.de<br \/><br \/>Die BfDI ist Ansprechpartner f\u00fcr den Schutz Ihrer personenbezogenen Daten bei Bundesbeh\u00f6rden und anderen unter ihre Aufsicht fallenden Stellen.<br \/>Sie k\u00f6nnen bei vermuteten Datenschutzverst\u00f6\u00dfen eine Beschwerde bei der BfDI einreichen.<\/p>\r\n<p>Bei Fragen zur Erhebung, Verarbeitung oder Nutzung Ihrer personenbezogenen Daten, bei Ausk\u00fcnften, Berichtigung, Sperrung oder L\u00f6schung von Daten sowie Widerruf erteilter Einwilligungen oder Widerspruch gegen eine bestimmte Datenverwendung wenden Sie sich bitte direkt an uns.<\/p>\r\n<h2>Die Kontaktdaten unseres Datenschutzbeauftragten lauten wie folgt<\/h2>\r\n<blockquote>\r\n<p>Der Datenschutzbeauftragte<\/p>\r\n<\/blockquote>\r\n<blockquote>\r\n<p>ITSG GmbH<\/p>\r\n<\/blockquote>\r\n<blockquote>\r\n<p>Kaiserleistra\u00dfe 10-16<\/p>\r\n<\/blockquote>\r\n<blockquote>\r\n<p>D-63067 Offenbach<\/p>\r\n<\/blockquote>\r\n<blockquote>\r\n<p>E-Mail:\u00a0<a href=\"mailto:datenschutz@itsg.de\">datenschutz@itsg.de<\/a><\/p>\r\n<\/blockquote>\r\n","protected":false},"excerpt":{"rendered":"<p>Datenschutzhinweis Der Schutz Ihrer Privatsph\u00e4re ist f\u00fcr uns sehr wichtig.  Gem\u00e4\u00df Artikel 13 DS-GVO informieren wir Sie \u00fcber den Umgang mit Ihren Daten.  Speicherung von Zugriffsdaten in Server-Logfiles Sie k\u00f6nnen unsere Webseiten besuchen, ohne Angaben zu Ihrer Person zu machen.  Die Applikation, mit der diese Seite betrieben wird (\u201eWordpress\u201c + Plugins) speichert einige Zugriffsdaten in [&hellip;]<\/p>","protected":false},"author":1,"featured_media":0,"parent":0,"menu_order":0,"comment_status":"closed","ping_status":"closed","template":"","meta":{"_acf_changed":false,"footnotes":""},"class_list":["post-19","page","type-page","status-publish","hentry"],"acf":[],"yoast_head":"<!-- This site is optimized with the Yoast SEO plugin v26.3 - https:\/\/yoast.com\/wordpress\/plugins\/seo\/ -->\n<title>Datenschutzhinweis - Informationsportal f\u00fcr Arbeitgeber der BAHN-BKK<\/title>\n<meta name=\"robots\" content=\"index, follow, max-snippet:-1, max-image-preview:large, max-video-preview:-1\" \/>\n<link rel=\"canonical\" href=\"https:\/\/www.informationsportal.de\/bahn-bkk\/datenschutz\/\" \/>\n<meta property=\"og:locale\" content=\"de_DE\" \/>\n<meta property=\"og:type\" content=\"article\" \/>\n<meta property=\"og:title\" content=\"Datenschutzhinweis - Informationsportal f\u00fcr Arbeitgeber der BAHN-BKK\" \/>\n<meta property=\"og:description\" content=\"Datenschutzhinweis Der Schutz Ihrer Privatsph\u00e4re ist f\u00fcr uns sehr wichtig. Gem\u00e4\u00df Artikel 13 DS-GVO informieren wir Sie \u00fcber den Umgang mit Ihren Daten. Speicherung von Zugriffsdaten in Server-Logfiles Sie k\u00f6nnen unsere Webseiten besuchen, ohne Angaben zu Ihrer Person zu machen. Die Applikation, mit der diese Seite betrieben wird (\u201eWordpress\u201c + Plugins) speichert einige Zugriffsdaten in [&hellip;]\" \/>\n<meta property=\"og:url\" content=\"https:\/\/www.informationsportal.de\/bahn-bkk\/datenschutz\/\" \/>\n<meta property=\"og:site_name\" content=\"Informationsportal f\u00fcr Arbeitgeber der BAHN-BKK\" \/>\n<meta property=\"article:modified_time\" content=\"2025-11-13T13:06:35+00:00\" \/>\n<meta name=\"twitter:card\" content=\"summary_large_image\" \/>\n<meta name=\"twitter:label1\" content=\"Gesch\u00e4tzte Lesezeit\" \/>\n\t<meta name=\"twitter:data1\" content=\"7\u00a0Minuten\" \/>\n<script type=\"application\/ld+json\" class=\"yoast-schema-graph\">{\"@context\":\"https:\/\/schema.org\",\"@graph\":[{\"@type\":\"WebPage\",\"@id\":\"https:\/\/www.informationsportal.de\/bahn-bkk\/datenschutz\/\",\"url\":\"https:\/\/www.informationsportal.de\/bahn-bkk\/datenschutz\/\",\"name\":\"Datenschutzhinweis - Informationsportal f\u00fcr Arbeitgeber der BAHN-BKK\",\"isPartOf\":{\"@id\":\"https:\/\/www.informationsportal.de\/bahn-bkk\/#website\"},\"datePublished\":\"2017-01-01T16:00:00+00:00\",\"dateModified\":\"2025-11-13T13:06:35+00:00\",\"inLanguage\":\"de\",\"potentialAction\":[{\"@type\":\"ReadAction\",\"target\":[\"https:\/\/www.informationsportal.de\/bahn-bkk\/datenschutz\/\"]}]},{\"@type\":\"WebSite\",\"@id\":\"https:\/\/www.informationsportal.de\/bahn-bkk\/#website\",\"url\":\"https:\/\/www.informationsportal.de\/bahn-bkk\/\",\"name\":\"Informationsportal f\u00fcr Arbeitgeber der BAHN-BKK\",\"description\":\"Das Informationsportal ist ein Wegweiser zu den Meldepflichten der Sozialversicherung\",\"potentialAction\":[{\"@type\":\"SearchAction\",\"target\":{\"@type\":\"EntryPoint\",\"urlTemplate\":\"https:\/\/www.informationsportal.de\/bahn-bkk\/?s={search_term_string}\"},\"query-input\":{\"@type\":\"PropertyValueSpecification\",\"valueRequired\":true,\"valueName\":\"search_term_string\"}}],\"inLanguage\":\"de\"}]}<\/script>\n<!-- \/ Yoast SEO plugin. -->","yoast_head_json":{"title":"Datenschutzhinweis - Informationsportal f\u00fcr Arbeitgeber der BAHN-BKK","robots":{"index":"index","follow":"follow","max-snippet":"max-snippet:-1","max-image-preview":"max-image-preview:large","max-video-preview":"max-video-preview:-1"},"canonical":"https:\/\/www.informationsportal.de\/bahn-bkk\/datenschutz\/","og_locale":"de_DE","og_type":"article","og_title":"Datenschutzhinweis - Informationsportal f\u00fcr Arbeitgeber der BAHN-BKK","og_description":"Datenschutzhinweis Der Schutz Ihrer Privatsph\u00e4re ist f\u00fcr uns sehr wichtig. Gem\u00e4\u00df Artikel 13 DS-GVO informieren wir Sie \u00fcber den Umgang mit Ihren Daten. Speicherung von Zugriffsdaten in Server-Logfiles Sie k\u00f6nnen unsere Webseiten besuchen, ohne Angaben zu Ihrer Person zu machen. Die Applikation, mit der diese Seite betrieben wird (\u201eWordpress\u201c + Plugins) speichert einige Zugriffsdaten in [&hellip;]","og_url":"https:\/\/www.informationsportal.de\/bahn-bkk\/datenschutz\/","og_site_name":"Informationsportal f\u00fcr Arbeitgeber der BAHN-BKK","article_modified_time":"2025-11-13T13:06:35+00:00","twitter_card":"summary_large_image","twitter_misc":{"Gesch\u00e4tzte Lesezeit":"7\u00a0Minuten"},"schema":{"@context":"https:\/\/schema.org","@graph":[{"@type":"WebPage","@id":"https:\/\/www.informationsportal.de\/bahn-bkk\/datenschutz\/","url":"https:\/\/www.informationsportal.de\/bahn-bkk\/datenschutz\/","name":"Datenschutzhinweis - Informationsportal f\u00fcr Arbeitgeber der BAHN-BKK","isPartOf":{"@id":"https:\/\/www.informationsportal.de\/bahn-bkk\/#website"},"datePublished":"2017-01-01T16:00:00+00:00","dateModified":"2025-11-13T13:06:35+00:00","inLanguage":"de","potentialAction":[{"@type":"ReadAction","target":["https:\/\/www.informationsportal.de\/bahn-bkk\/datenschutz\/"]}]},{"@type":"WebSite","@id":"https:\/\/www.informationsportal.de\/bahn-bkk\/#website","url":"https:\/\/www.informationsportal.de\/bahn-bkk\/","name":"Informationsportal f\u00fcr Arbeitgeber der BAHN-BKK","description":"Das Informationsportal ist ein Wegweiser zu den Meldepflichten der Sozialversicherung","potentialAction":[{"@type":"SearchAction","target":{"@type":"EntryPoint","urlTemplate":"https:\/\/www.informationsportal.de\/bahn-bkk\/?s={search_term_string}"},"query-input":{"@type":"PropertyValueSpecification","valueRequired":true,"valueName":"search_term_string"}}],"inLanguage":"de"}]}},"_links":{"self":[{"href":"https:\/\/www.informationsportal.de\/bahn-bkk\/wp-json\/wp\/v2\/pages\/19","targetHints":{"allow":["GET"]}}],"collection":[{"href":"https:\/\/www.informationsportal.de\/bahn-bkk\/wp-json\/wp\/v2\/pages"}],"about":[{"href":"https:\/\/www.informationsportal.de\/bahn-bkk\/wp-json\/wp\/v2\/types\/page"}],"author":[{"embeddable":true,"href":"https:\/\/www.informationsportal.de\/bahn-bkk\/wp-json\/wp\/v2\/users\/1"}],"replies":[{"embeddable":true,"href":"https:\/\/www.informationsportal.de\/bahn-bkk\/wp-json\/wp\/v2\/comments?post=19"}],"version-history":[{"count":5,"href":"https:\/\/www.informationsportal.de\/bahn-bkk\/wp-json\/wp\/v2\/pages\/19\/revisions"}],"predecessor-version":[{"id":16057,"href":"https:\/\/www.informationsportal.de\/bahn-bkk\/wp-json\/wp\/v2\/pages\/19\/revisions\/16057"}],"wp:attachment":[{"href":"https:\/\/www.informationsportal.de\/bahn-bkk\/wp-json\/wp\/v2\/media?parent=19"}],"curies":[{"name":"wp","href":"https:\/\/api.w.org\/{rel}","templated":true}]}}