{"id":10409,"date":"2020-08-26T17:08:32","date_gmt":"2020-08-26T15:08:32","guid":{"rendered":"https:\/\/www.informationsportal.de\/?page_id=10409"},"modified":"2025-05-27T16:27:25","modified_gmt":"2025-05-27T14:27:25","slug":"themen","status":"publish","type":"page","link":"https:\/\/www.informationsportal.de\/bkk-diakonie\/themen\/","title":{"rendered":"Themen"},"content":{"rendered":"<div class=\"wpb-content-wrapper\">[vc_row css=&#8220;.vc_custom_1663243232155{padding-top: 2% !important;padding-right: 7% !important;}&#8220;][vc_column][vc_row_inner][vc_column_inner css=&#8220;.vc_custom_1598446783694{margin-top: -20px !important;}&#8220;][vc_column_text]\r\n<h1>Themen f\u00fcr Arbeitgeber<\/h1>\r\n[\/vc_column_text][\/vc_column_inner][\/vc_row_inner][vc_row_inner content_placement=&#8220;top&#8220; gap=&#8220;30&#8243; css=&#8220;.vc_custom_1598451371523{margin-bottom: -10px !important;}&#8220;][vc_column_inner width=&#8220;1\/2&#8243;][vc_column_text css=&#8220;.vc_custom_1748356005196{border-radius: 20px !important;}&#8220;]\r\n<h2>Existenzgr\u00fcnder<\/h2>\r\nSie sind Existenzgr\u00fcnder und m\u00f6chten zum ersten Mal Arbeitnehmer einstellen? Das ist weniger kompliziert als Sie meinen! Nutzen Sie unsere Frage-Antwort-Kataloge zur Orientierung und zum Direkteinstieg, um Ihre pers\u00f6nlichen Todos in Sachen Anstellung zu ermitteln. In den Steckbriefen finden Sie kompakt die wichtigsten Infos.\r\n<ul>\r\n \t<li><a href=\"https:\/\/www.informationsportal.de\/bkk-diakonie\/informationsassistent\/?code=00.22\">Frage-Antwort-Katalog zur Orientierung neuer Arbeitgeber<\/a><\/li>\r\n \t<li><a href=\"https:\/\/www.informationsportal.de\/bkk-diakonie\/informationsassistent\/?code=00.21.31\">Frage-Antwort-Katalog zum Direkteinsteig neuer Arbeitgeber<\/a><\/li>\r\n \t<li><a href=\"https:\/\/www.informationsportal.de\/wp-content\/uploads\/Steckbrief-Arbeitgeber.pdf\" target=\"_blank\" rel=\"noopener noreferrer\">Steckbrief Arbeitgeber (PDF)<\/a><\/li>\r\n \t<li><a href=\"https:\/\/www.informationsportal.de\/wp-content\/uploads\/Steckbrief-Betriebsnummer.pdf\" target=\"_blank\" rel=\"noopener noreferrer\">Steckbrief Betriebsnummer (PDF)<\/a><\/li>\r\n \t<li><a href=\"https:\/\/www.informationsportal.de\/wp-content\/uploads\/Steckbrief-Meldungen.pdf\" target=\"_blank\" rel=\"noopener noreferrer\">Steckbrief Meldungen (PDF)<\/a><\/li>\r\n \t<li><a href=\"https:\/\/www.informationsportal.de\/wp-content\/uploads\/Steckbrief-Standardsoftware-Ausfuellhilfen.pdf\" target=\"_blank\" rel=\"noopener noreferrer\">Steckbrief Standardsoftware und Ausf\u00fcllhilfen (PDF)<\/a><\/li>\r\n<\/ul>\r\n[\/vc_column_text][\/vc_column_inner][vc_column_inner width=&#8220;1\/2&#8243;][vc_column_text]\r\n<h2>Minijobs mit Verdienstgrenze, kurzfristige Minijobs und Midijobs<\/h2>\r\nSie brauchen Unterst\u00fctzung durch Arbeitnehmer, aber m\u00f6glichst flexibel und unkompliziert? Dann sind Mini- und Midijobs wahrscheinlich eine gute Option f\u00fcr Sie. Die Basics zu den unterschiedlichen Besch\u00e4ftigungsformen lesen Sie in unseren Steckbriefen. Und mit den Frage-Antwort-Katalogen pr\u00fcfen Sie die Voraussetzungen f\u00fcr die jeweilige Besch\u00e4ftigung.\r\n<ul>\r\n \t<li><a href=\"https:\/\/www.informationsportal.de\/bkk-diakonie\/informationsassistent\/?code=01.21.32\">Frage-Antwort-Kataloge zu Minijobbern und Aushilfen<\/a><\/li>\r\n \t<li><a href=\"https:\/\/www.informationsportal.de\/wp-content\/uploads\/Steckbrief-Minijob-mit-Verdienstgrenze.pdf\" target=\"_blank\" rel=\"noopener noreferrer\">Steckbrief Minijob mit Verdienstgrenze (PDF)<\/a><\/li>\r\n \t<li><a href=\"https:\/\/www.informationsportal.de\/wp-content\/uploads\/Steckbrief-Kurzfristiger-Minijob.pdf\" target=\"_blank\" rel=\"noopener noreferrer\">Steckbrief Kurzfristiger Minijob (PDF)<\/a><\/li>\r\n \t<li><a href=\"https:\/\/www.informationsportal.de\/wp-content\/uploads\/Steckbrief-Uebergangsbereich.pdf\">Steckbrief \u00dcbergangsbereich (Midijob) (PDF)<\/a><\/li>\r\n \t<li><a href=\"https:\/\/www.informationsportal.de\/wp-content\/uploads\/Steckbrief-Haushaltsscheckverfahren.pdf\" target=\"_blank\" rel=\"noopener noreferrer\">Steckbrief Haushaltsscheck-Verfahren (PDF)<\/a><\/li>\r\n \t<li><a href=\"https:\/\/www.informationsportal.de\/wp-content\/uploads\/Steckbrief-Befreiung-RV-Pflicht-Minijob-mit-Verdienstgrenze.pdf\" target=\"_blank\" rel=\"noopener noreferrer\">Steckbrief: Befreiung RV-Pflicht Minijobber (PDF)<\/a><\/li>\r\n<\/ul>\r\n[\/vc_column_text][\/vc_column_inner][\/vc_row_inner][vc_row_inner content_placement=&#8220;top&#8220; gap=&#8220;30&#8243; css=&#8220;.vc_custom_1598451371523{margin-bottom: -10px !important;}&#8220;][vc_column_inner width=&#8220;1\/2&#8243;][vc_column_text]\r\n<h2>Alter und Rente<\/h2>\r\nM\u00f6chten Sie Rentner bei sich besch\u00e4ftigen? Dann ergeben sich oft viele Fragen: Was genau m\u00fcssen Sie melden? Gibt es eine Hinzuverdienstgrenze? Was ist bei der Flexirente zu beachten? Unsere Frage-Antwort-Kataloge zum Thema Alter und Rente geben Ihnen individuell Aufschluss. Allgemein g\u00fcltige Informationen finden Sie kompakt in unseren Steckbriefen.\r\n<ul>\r\n \t<li><a href=\"https:\/\/www.informationsportal.de\/bkk-diakonie\/informationsassistent\/?code=02.21.35\" target=\"_blank\" rel=\"noopener noreferrer\">Frage-Antwort-Kataloge zu Alter und Rente<\/a><\/li>\r\n \t<li><a href=\"https:\/\/www.informationsportal.de\/wp-content\/uploads\/Steckbrief-Altersrente.pdf\" target=\"_blank\" rel=\"noopener noreferrer\">Steckbrief Altersrente (PDF)<\/a><\/li>\r\n \t<li><a href=\"https:\/\/www.informationsportal.de\/wp-content\/uploads\/Steckbrief-Flexirente.pdf\" target=\"_blank\" rel=\"noopener noreferrer\">Steckbrief Flexirente (PDF)<\/a><\/li>\r\n \t<li><a href=\"https:\/\/www.informationsportal.de\/wp-content\/uploads\/Steckbrief-Zahlstelle.pdf\" target=\"_blank\" rel=\"noopener noreferrer\">Steckbrief Zahlstelle (PDF)<\/a><\/li>\r\n<\/ul>\r\n[\/vc_column_text][\/vc_column_inner][vc_column_inner width=&#8220;1\/2&#8243;][vc_column_text]\r\n<h2>Privathaushalte als Arbeitgeber<\/h2>\r\nBrauchen Sie als Privatperson Unterst\u00fctzung und m\u00f6chten daf\u00fcr jemanden engagieren? Privathaushalte k\u00f6nnen hier das vereinfachte Haushaltsscheckverfahren nutzen. Was Sie als privater Arbeitgeber beachten und tun sollten, k\u00f6nnen Sie zum einen in den Steckbriefen erfahren. Und mit den Frage-Antwort-Katalogen k\u00f6nnen Sie Ihre individuellen Meldepflichten ermitteln.\r\n<ul>\r\n \t<li><a href=\"https:\/\/www.informationsportal.de\/bkk-diakonie\/informationsassistent\/?code=00.21.32\" target=\"_blank\" rel=\"noopener noreferrer\">Frage-Antwort-Katalog Privater Arbeitgeber<\/a><\/li>\r\n \t<li><a href=\"https:\/\/www.informationsportal.de\/bkk-diakonie\/informationsassistent\/?code=01.21.33.42\">Frage-Antwort-Katalog Pflege und Lebensf\u00fchrung<\/a><\/li>\r\n \t<li><a href=\"https:\/\/www.informationsportal.de\/bkk-diakonie\/informationsassistent\/?code=01.21.33.41\">Frage-Antwort-Kataloge Besch\u00e4ftigung Haushaltshilfe<\/a><\/li>\r\n \t<li><a href=\"https:\/\/www.informationsportal.de\/wp-content\/uploads\/Steckbrief-Haushaltsscheckverfahren.pdf\" target=\"_blank\" rel=\"noopener noreferrer\">Steckbrief Haushaltsscheck-Verfahren (PDF)<\/a><\/li>\r\n \t<li><a href=\"https:\/\/www.informationsportal.de\/bkk-diakonie\/informationsassistent\/?code=00.21.32\" target=\"_blank\" rel=\"noopener noreferrer\">Steckbrief Privater Haushalt als Arbeitgeber (PDF)<\/a><\/li>\r\n<\/ul>\r\n[\/vc_column_text][\/vc_column_inner][\/vc_row_inner][\/vc_column][\/vc_row]<\/div>","protected":false},"excerpt":{"rendered":"<p>[vc_row css=&#8220;.vc_custom_1663243232155{padding-top: 2% !important;padding-right: 7% !important;}&#8220;][vc_column][vc_row_inner][vc_column_inner css=&#8220;.vc_custom_1598446783694{margin-top: -20px !important;}&#8220;][vc_column_text] Themen f\u00fcr Arbeitgeber [\/vc_column_text][\/vc_column_inner][\/vc_row_inner][vc_row_inner content_placement=&#8220;top&#8220; gap=&#8220;30&#8243; css=&#8220;.vc_custom_1598451371523{margin-bottom: -10px !important;}&#8220;][vc_column_inner width=&#8220;1\/2&#8243;][vc_column_text css=&#8220;.vc_custom_1748356005196{border-radius: 20px !important;}&#8220;] Existenzgr\u00fcnder Sie sind Existenzgr\u00fcnder und m\u00f6chten zum ersten Mal Arbeitnehmer einstellen? Das ist weniger kompliziert als Sie meinen! Nutzen Sie unsere Frage-Antwort-Kataloge zur Orientierung und zum Direkteinstieg, um Ihre pers\u00f6nlichen Todos in Sachen [&hellip;]<\/p>","protected":false},"author":1,"featured_media":0,"parent":0,"menu_order":0,"comment_status":"closed","ping_status":"closed","template":"visual_editor.php","meta":{"_acf_changed":false,"footnotes":""},"class_list":["post-10409","page","type-page","status-publish","hentry"],"acf":[],"yoast_head":"<!-- This site is optimized with the Yoast SEO plugin v26.3 - https:\/\/yoast.com\/wordpress\/plugins\/seo\/ -->\n<title>Themen - Informationsportal f\u00fcr Arbeitgeber der BKK Diakonie<\/title>\n<meta name=\"robots\" content=\"index, follow, max-snippet:-1, max-image-preview:large, max-video-preview:-1\" \/>\n<link rel=\"canonical\" href=\"https:\/\/www.informationsportal.de\/bkk-diakonie\/themen\/\" \/>\n<meta property=\"og:locale\" content=\"de_DE\" \/>\n<meta property=\"og:type\" content=\"article\" \/>\n<meta property=\"og:title\" content=\"Themen - Informationsportal f\u00fcr Arbeitgeber der BKK Diakonie\" \/>\n<meta property=\"og:description\" content=\"[vc_row css=&#8220;.vc_custom_1663243232155{padding-top: 2% !important;padding-right: 7% !important;}&#8220;][vc_column][vc_row_inner][vc_column_inner css=&#8220;.vc_custom_1598446783694{margin-top: -20px !important;}&#8220;][vc_column_text] Themen f\u00fcr Arbeitgeber [\/vc_column_text][\/vc_column_inner][\/vc_row_inner][vc_row_inner content_placement=&#8220;top&#8220; gap=&#8220;30&#8243; css=&#8220;.vc_custom_1598451371523{margin-bottom: -10px !important;}&#8220;][vc_column_inner width=&#8220;1\/2&#8243;][vc_column_text css=&#8220;.vc_custom_1748356005196{border-radius: 20px !important;}&#8220;] Existenzgr\u00fcnder Sie sind Existenzgr\u00fcnder und m\u00f6chten zum ersten Mal Arbeitnehmer einstellen? Das ist weniger kompliziert als Sie meinen! Nutzen Sie unsere Frage-Antwort-Kataloge zur Orientierung und zum Direkteinstieg, um Ihre pers\u00f6nlichen Todos in Sachen [&hellip;]\" \/>\n<meta property=\"og:url\" content=\"https:\/\/www.informationsportal.de\/bkk-diakonie\/themen\/\" \/>\n<meta property=\"og:site_name\" content=\"Informationsportal f\u00fcr Arbeitgeber der BKK Diakonie\" \/>\n<meta property=\"article:modified_time\" content=\"2025-05-27T14:27:25+00:00\" \/>\n<meta name=\"twitter:card\" content=\"summary_large_image\" \/>\n<meta name=\"twitter:label1\" content=\"Gesch\u00e4tzte Lesezeit\" \/>\n\t<meta name=\"twitter:data1\" content=\"2\u00a0Minuten\" \/>\n<script type=\"application\/ld+json\" class=\"yoast-schema-graph\">{\"@context\":\"https:\/\/schema.org\",\"@graph\":[{\"@type\":\"WebPage\",\"@id\":\"https:\/\/www.informationsportal.de\/bkk-diakonie\/themen\/\",\"url\":\"https:\/\/www.informationsportal.de\/bkk-diakonie\/themen\/\",\"name\":\"Themen - Informationsportal f\u00fcr Arbeitgeber der BKK Diakonie\",\"isPartOf\":{\"@id\":\"https:\/\/www.informationsportal.de\/bkk-diakonie\/#website\"},\"datePublished\":\"2020-08-26T15:08:32+00:00\",\"dateModified\":\"2025-05-27T14:27:25+00:00\",\"inLanguage\":\"de\",\"potentialAction\":[{\"@type\":\"ReadAction\",\"target\":[\"https:\/\/www.informationsportal.de\/bkk-diakonie\/themen\/\"]}]},{\"@type\":\"WebSite\",\"@id\":\"https:\/\/www.informationsportal.de\/bkk-diakonie\/#website\",\"url\":\"https:\/\/www.informationsportal.de\/bkk-diakonie\/\",\"name\":\"Informationsportal f\u00fcr Arbeitgeber der BKK Diakonie\",\"description\":\"\",\"potentialAction\":[{\"@type\":\"SearchAction\",\"target\":{\"@type\":\"EntryPoint\",\"urlTemplate\":\"https:\/\/www.informationsportal.de\/bkk-diakonie\/?s={search_term_string}\"},\"query-input\":{\"@type\":\"PropertyValueSpecification\",\"valueRequired\":true,\"valueName\":\"search_term_string\"}}],\"inLanguage\":\"de\"}]}<\/script>\n<!-- \/ Yoast SEO plugin. -->","yoast_head_json":{"title":"Themen - Informationsportal f\u00fcr Arbeitgeber der BKK Diakonie","robots":{"index":"index","follow":"follow","max-snippet":"max-snippet:-1","max-image-preview":"max-image-preview:large","max-video-preview":"max-video-preview:-1"},"canonical":"https:\/\/www.informationsportal.de\/bkk-diakonie\/themen\/","og_locale":"de_DE","og_type":"article","og_title":"Themen - Informationsportal f\u00fcr Arbeitgeber der BKK Diakonie","og_description":"[vc_row css=&#8220;.vc_custom_1663243232155{padding-top: 2% !important;padding-right: 7% !important;}&#8220;][vc_column][vc_row_inner][vc_column_inner css=&#8220;.vc_custom_1598446783694{margin-top: -20px !important;}&#8220;][vc_column_text] Themen f\u00fcr Arbeitgeber [\/vc_column_text][\/vc_column_inner][\/vc_row_inner][vc_row_inner content_placement=&#8220;top&#8220; gap=&#8220;30&#8243; css=&#8220;.vc_custom_1598451371523{margin-bottom: -10px !important;}&#8220;][vc_column_inner width=&#8220;1\/2&#8243;][vc_column_text css=&#8220;.vc_custom_1748356005196{border-radius: 20px !important;}&#8220;] Existenzgr\u00fcnder Sie sind Existenzgr\u00fcnder und m\u00f6chten zum ersten Mal Arbeitnehmer einstellen? Das ist weniger kompliziert als Sie meinen! Nutzen Sie unsere Frage-Antwort-Kataloge zur Orientierung und zum Direkteinstieg, um Ihre pers\u00f6nlichen Todos in Sachen [&hellip;]","og_url":"https:\/\/www.informationsportal.de\/bkk-diakonie\/themen\/","og_site_name":"Informationsportal f\u00fcr Arbeitgeber der BKK Diakonie","article_modified_time":"2025-05-27T14:27:25+00:00","twitter_card":"summary_large_image","twitter_misc":{"Gesch\u00e4tzte Lesezeit":"2\u00a0Minuten"},"schema":{"@context":"https:\/\/schema.org","@graph":[{"@type":"WebPage","@id":"https:\/\/www.informationsportal.de\/bkk-diakonie\/themen\/","url":"https:\/\/www.informationsportal.de\/bkk-diakonie\/themen\/","name":"Themen - Informationsportal f\u00fcr Arbeitgeber der BKK Diakonie","isPartOf":{"@id":"https:\/\/www.informationsportal.de\/bkk-diakonie\/#website"},"datePublished":"2020-08-26T15:08:32+00:00","dateModified":"2025-05-27T14:27:25+00:00","inLanguage":"de","potentialAction":[{"@type":"ReadAction","target":["https:\/\/www.informationsportal.de\/bkk-diakonie\/themen\/"]}]},{"@type":"WebSite","@id":"https:\/\/www.informationsportal.de\/bkk-diakonie\/#website","url":"https:\/\/www.informationsportal.de\/bkk-diakonie\/","name":"Informationsportal f\u00fcr Arbeitgeber der BKK Diakonie","description":"","potentialAction":[{"@type":"SearchAction","target":{"@type":"EntryPoint","urlTemplate":"https:\/\/www.informationsportal.de\/bkk-diakonie\/?s={search_term_string}"},"query-input":{"@type":"PropertyValueSpecification","valueRequired":true,"valueName":"search_term_string"}}],"inLanguage":"de"}]}},"_links":{"self":[{"href":"https:\/\/www.informationsportal.de\/bkk-diakonie\/wp-json\/wp\/v2\/pages\/10409","targetHints":{"allow":["GET"]}}],"collection":[{"href":"https:\/\/www.informationsportal.de\/bkk-diakonie\/wp-json\/wp\/v2\/pages"}],"about":[{"href":"https:\/\/www.informationsportal.de\/bkk-diakonie\/wp-json\/wp\/v2\/types\/page"}],"author":[{"embeddable":true,"href":"https:\/\/www.informationsportal.de\/bkk-diakonie\/wp-json\/wp\/v2\/users\/1"}],"replies":[{"embeddable":true,"href":"https:\/\/www.informationsportal.de\/bkk-diakonie\/wp-json\/wp\/v2\/comments?post=10409"}],"version-history":[{"count":6,"href":"https:\/\/www.informationsportal.de\/bkk-diakonie\/wp-json\/wp\/v2\/pages\/10409\/revisions"}],"predecessor-version":[{"id":18264,"href":"https:\/\/www.informationsportal.de\/bkk-diakonie\/wp-json\/wp\/v2\/pages\/10409\/revisions\/18264"}],"wp:attachment":[{"href":"https:\/\/www.informationsportal.de\/bkk-diakonie\/wp-json\/wp\/v2\/media?parent=10409"}],"curies":[{"name":"wp","href":"https:\/\/api.w.org\/{rel}","templated":true}]}}