{"id":2084,"date":"2017-01-01T16:00:00","date_gmt":"2017-01-01T15:00:00","guid":{"rendered":"https:\/\/www.informationsportal.de\/?page_id=2084"},"modified":"2021-05-10T17:15:05","modified_gmt":"2021-05-10T15:15:05","slug":"steckbriefe-und-glossar","status":"publish","type":"page","link":"https:\/\/www.informationsportal.de\/continentale-bkk\/benutzerhinweise\/steckbriefe-und-glossar\/","title":{"rendered":"Steckbriefe und Glossar"},"content":{"rendered":"<h2>Steckbriefe und Glossar<\/h2>\n<p><strong><br \/>\n Steckbriefe<\/strong><\/p>\n<p>Die Steckbriefe sind eine n\u00fctzliche Unterst\u00fctzung f\u00fcr Ihre Arbeit mit dem Informationsportal. Hier werden Ihnen Themen rund um die Sozialversicherung kompakt und verst\u00e4ndlich erl\u00e4utert.<\/p>\n<p>Die Steckbriefe liefern Ihnen eine genaue Erl\u00e4uterung von Begriffen und beschreiben die Themen im gesamten Zusammenhang mit Blick auf die vom Arbeitgeber zu erf\u00fcllenden Meldeplichten.<\/p>\n<p>Auf der \u00dcbersichtsseite finden Sie alle Themen alphabetisch aufgelistet. Im oberen Bereich findet sich zur Orientierung ein \u201eA bis Z\u201c-Index, mit dem Sie schnell zum gew\u00fcnschten Begriff navigieren k\u00f6nnen:<\/p>\n<p><img loading=\"lazy\" decoding=\"async\" class=\"alignnone  wp-image-2784\" src=\"https:\/\/www.informationsportal.de\/continentale-bkk\/wp-content\/uploads\/sites\/49\/2017\/01\/Steckbriefe_A-Z_sv-m-2-1.png\" alt=\"Steckbriefe \u00dcbersicht\" width=\"860\" height=\"692\" srcset=\"https:\/\/www.informationsportal.de\/continentale-bkk\/wp-content\/uploads\/sites\/49\/2017\/01\/Steckbriefe_A-Z_sv-m-2-1.png 776w, https:\/\/www.informationsportal.de\/continentale-bkk\/wp-content\/uploads\/sites\/49\/2017\/01\/Steckbriefe_A-Z_sv-m-2-1-300x241.png 300w, https:\/\/www.informationsportal.de\/continentale-bkk\/wp-content\/uploads\/sites\/49\/2017\/01\/Steckbriefe_A-Z_sv-m-2-1-768x618.png 768w\" sizes=\"auto, (max-width: 860px) 100vw, 860px\" \/><\/p>\n<p>Jeder Steckbrief wird in einem separaten Fenster ge\u00f6ffnet. Dieses k\u00f6nnen Sie oben rechts nach dem Lesen schlie\u00dfen und gelangen wieder den \u00dcberblick.<\/p>\n<p><img loading=\"lazy\" decoding=\"async\" class=\"alignnone  wp-image-2808\" src=\"https:\/\/www.informationsportal.de\/continentale-bkk\/wp-content\/uploads\/sites\/49\/2017\/01\/Steckbrief_Ansicht_Schlie\u00dfen_Merken_sv-m-2-1.png\" alt=\"Steckbrief-Ansicht schlie\u00dfen \/ merken\" width=\"863\" height=\"166\" srcset=\"https:\/\/www.informationsportal.de\/continentale-bkk\/wp-content\/uploads\/sites\/49\/2017\/01\/Steckbrief_Ansicht_Schlie\u00dfen_Merken_sv-m-2-1.png 1040w, https:\/\/www.informationsportal.de\/continentale-bkk\/wp-content\/uploads\/sites\/49\/2017\/01\/Steckbrief_Ansicht_Schlie\u00dfen_Merken_sv-m-2-1-300x58.png 300w, https:\/\/www.informationsportal.de\/continentale-bkk\/wp-content\/uploads\/sites\/49\/2017\/01\/Steckbrief_Ansicht_Schlie\u00dfen_Merken_sv-m-2-1-768x148.png 768w, https:\/\/www.informationsportal.de\/continentale-bkk\/wp-content\/uploads\/sites\/49\/2017\/01\/Steckbrief_Ansicht_Schlie\u00dfen_Merken_sv-m-2-1-1024x197.png 1024w\" sizes=\"auto, (max-width: 863px) 100vw, 863px\" \/><\/p>\n<p>Die Ergebnistexte der Frage-Antwort-Kataloge enthalten ebenfalls Links auf Steckbriefe.. Hier k\u00f6nnen Sie die Steckbriefe ebenso im separaten Fenster \u00f6ffnen und wieder schlie\u00dfen. <br \/>\n Wenn Sie den Steckbrief sp\u00e4ter noch einmal aufrufen m\u00f6chten, k\u00f6nnen Sie den Steckbrief &#8222;merken&#8220; und sehen diesen dann sp\u00e4ter unter &#8222;Gemerkte Seiten&#8220;. <br \/>\n <a href=\"https:\/\/www.informationsportal.de\/continentale-bkk\/benutzerhinweise\/gemerkte-seiten-nutzerhinweise\/\">Mehr Informationen zu &#8222;Gemerkte Seiten&#8220; finden Sie hier &gt;&gt;<\/a><\/p>\n<p><strong><br \/>\n Glossar<\/strong><\/p>\n<p>Im Glossar finden Sie viele Begriffe der Sozialversicherung kurz erl\u00e4utert.<\/p>\n<p>\u00dcber einen \u201eA bis Z\u201c-Index k\u00f6nnen Sie die Begriffe schnell finden.<\/p>\n<p>Dar\u00fcber hinaus bietet das Glossar eine Suche, in der Sie gezielt nach Begriffen suchen k\u00f6nnen. Die Suche schl\u00e4gt Ihnen bereits bei der Eingabe Begriffe vor, f\u00fcr die es einen Eintrag gibt:<\/p>\n<p><img loading=\"lazy\" decoding=\"async\" class=\"alignnone  wp-image-2787\" src=\"https:\/\/www.informationsportal.de\/continentale-bkk\/wp-content\/uploads\/sites\/49\/2017\/01\/Glossar_Suche_Vorschlag_sv-m-2-1.png\" alt=\"Glossar-Suche Beispiel\" width=\"861\" height=\"231\" srcset=\"https:\/\/www.informationsportal.de\/continentale-bkk\/wp-content\/uploads\/sites\/49\/2017\/01\/Glossar_Suche_Vorschlag_sv-m-2-1.png 872w, https:\/\/www.informationsportal.de\/continentale-bkk\/wp-content\/uploads\/sites\/49\/2017\/01\/Glossar_Suche_Vorschlag_sv-m-2-1-300x81.png 300w, https:\/\/www.informationsportal.de\/continentale-bkk\/wp-content\/uploads\/sites\/49\/2017\/01\/Glossar_Suche_Vorschlag_sv-m-2-1-768x206.png 768w\" sizes=\"auto, (max-width: 861px) 100vw, 861px\" \/><\/p>\n<p>Das Glossar zur Sozialversicherung wird fortlaufend erweitert. <a href=\"https:\/\/www.informationsportal.de\/continentale-bkk\/glossar\/\">Hier kommen Sie zum Glossar &gt;&gt;<\/a><\/p>","protected":false},"excerpt":{"rendered":"<p>Steckbriefe und Glossar Steckbriefe Die Steckbriefe sind eine n\u00fctzliche Unterst\u00fctzung f\u00fcr Ihre Arbeit mit dem Informationsportal.  Hier werden Ihnen Themen rund um die Sozialversicherung kompakt und verst\u00e4ndlich erl\u00e4utert.  Die Steckbriefe liefern Ihnen eine genaue Erl\u00e4uterung von Begriffen und beschreiben die Themen im gesamten Zusammenhang mit Blick auf die vom Arbeitgeber zu erf\u00fcllenden Meldeplichten.  Auf der [&hellip;]<\/p>","protected":false},"author":2,"featured_media":0,"parent":12668,"menu_order":0,"comment_status":"closed","ping_status":"closed","template":"","meta":{"_acf_changed":false,"footnotes":""},"class_list":["post-2084","page","type-page","status-publish","hentry"],"acf":[],"yoast_head":"<!-- This site is optimized with the Yoast SEO plugin v26.3 - https:\/\/yoast.com\/wordpress\/plugins\/seo\/ -->\n<title>Steckbriefe und Glossar - Informationsportal f\u00fcr Arbeitgeber der Continentale BKK<\/title>\n<meta name=\"robots\" content=\"index, follow, max-snippet:-1, max-image-preview:large, max-video-preview:-1\" \/>\n<link rel=\"canonical\" href=\"https:\/\/www.informationsportal.de\/continentale-bkk\/benutzerhinweise\/steckbriefe-und-glossar\/\" \/>\n<meta property=\"og:locale\" content=\"de_DE\" \/>\n<meta property=\"og:type\" content=\"article\" \/>\n<meta property=\"og:title\" content=\"Steckbriefe und Glossar - Informationsportal f\u00fcr Arbeitgeber der Continentale BKK\" \/>\n<meta property=\"og:description\" content=\"Steckbriefe und Glossar Steckbriefe Die Steckbriefe sind eine n\u00fctzliche Unterst\u00fctzung f\u00fcr Ihre Arbeit mit dem Informationsportal. Hier werden Ihnen Themen rund um die Sozialversicherung kompakt und verst\u00e4ndlich erl\u00e4utert. Die Steckbriefe liefern Ihnen eine genaue Erl\u00e4uterung von Begriffen und beschreiben die Themen im gesamten Zusammenhang mit Blick auf die vom Arbeitgeber zu erf\u00fcllenden Meldeplichten. Auf der [&hellip;]\" \/>\n<meta property=\"og:url\" content=\"https:\/\/www.informationsportal.de\/continentale-bkk\/benutzerhinweise\/steckbriefe-und-glossar\/\" \/>\n<meta property=\"og:site_name\" content=\"Informationsportal f\u00fcr Arbeitgeber der Continentale BKK\" \/>\n<meta property=\"article:modified_time\" content=\"2021-05-10T15:15:05+00:00\" \/>\n<meta property=\"og:image\" content=\"https:\/\/www.informationsportal.de\/continentale-bkk\/wp-content\/uploads\/sites\/49\/2017\/01\/Steckbriefe_A-Z_sv-m-2-1.png\" \/>\n<meta name=\"twitter:card\" content=\"summary_large_image\" \/>\n<meta name=\"twitter:label1\" content=\"Gesch\u00e4tzte Lesezeit\" \/>\n\t<meta name=\"twitter:data1\" content=\"1\u00a0Minute\" \/>\n<script type=\"application\/ld+json\" class=\"yoast-schema-graph\">{\"@context\":\"https:\/\/schema.org\",\"@graph\":[{\"@type\":\"WebPage\",\"@id\":\"https:\/\/www.informationsportal.de\/continentale-bkk\/benutzerhinweise\/steckbriefe-und-glossar\/\",\"url\":\"https:\/\/www.informationsportal.de\/continentale-bkk\/benutzerhinweise\/steckbriefe-und-glossar\/\",\"name\":\"Steckbriefe und Glossar - Informationsportal f\u00fcr Arbeitgeber der Continentale BKK\",\"isPartOf\":{\"@id\":\"https:\/\/www.informationsportal.de\/continentale-bkk\/#website\"},\"primaryImageOfPage\":{\"@id\":\"https:\/\/www.informationsportal.de\/continentale-bkk\/benutzerhinweise\/steckbriefe-und-glossar\/#primaryimage\"},\"image\":{\"@id\":\"https:\/\/www.informationsportal.de\/continentale-bkk\/benutzerhinweise\/steckbriefe-und-glossar\/#primaryimage\"},\"thumbnailUrl\":\"https:\/\/www.informationsportal.de\/continentale-bkk\/wp-content\/uploads\/sites\/49\/2017\/01\/Steckbriefe_A-Z_sv-m-2-1.png\",\"datePublished\":\"2017-01-01T15:00:00+00:00\",\"dateModified\":\"2021-05-10T15:15:05+00:00\",\"breadcrumb\":{\"@id\":\"https:\/\/www.informationsportal.de\/continentale-bkk\/benutzerhinweise\/steckbriefe-und-glossar\/#breadcrumb\"},\"inLanguage\":\"de\",\"potentialAction\":[{\"@type\":\"ReadAction\",\"target\":[\"https:\/\/www.informationsportal.de\/continentale-bkk\/benutzerhinweise\/steckbriefe-und-glossar\/\"]}]},{\"@type\":\"ImageObject\",\"inLanguage\":\"de\",\"@id\":\"https:\/\/www.informationsportal.de\/continentale-bkk\/benutzerhinweise\/steckbriefe-und-glossar\/#primaryimage\",\"url\":\"https:\/\/www.informationsportal.de\/continentale-bkk\/wp-content\/uploads\/sites\/49\/2017\/01\/Steckbriefe_A-Z_sv-m-2-1.png\",\"contentUrl\":\"https:\/\/www.informationsportal.de\/continentale-bkk\/wp-content\/uploads\/sites\/49\/2017\/01\/Steckbriefe_A-Z_sv-m-2-1.png\",\"width\":776,\"height\":624,\"caption\":\"Steckbriefe \u00dcbersicht\"},{\"@type\":\"BreadcrumbList\",\"@id\":\"https:\/\/www.informationsportal.de\/continentale-bkk\/benutzerhinweise\/steckbriefe-und-glossar\/#breadcrumb\",\"itemListElement\":[{\"@type\":\"ListItem\",\"position\":1,\"name\":\"Benutzerhinweise\",\"item\":\"https:\/\/www.informationsportal.de\/continentale-bkk\/benutzerhinweise\/\"},{\"@type\":\"ListItem\",\"position\":2,\"name\":\"Steckbriefe und Glossar\"}]},{\"@type\":\"WebSite\",\"@id\":\"https:\/\/www.informationsportal.de\/continentale-bkk\/#website\",\"url\":\"https:\/\/www.informationsportal.de\/continentale-bkk\/\",\"name\":\"Informationsportal f\u00fcr Arbeitgeber der Continentale BKK\",\"description\":\"Das Informationsportal ist ein Wegweiser zu den Meldepflichten der Sozialversicherung\",\"potentialAction\":[{\"@type\":\"SearchAction\",\"target\":{\"@type\":\"EntryPoint\",\"urlTemplate\":\"https:\/\/www.informationsportal.de\/continentale-bkk\/?s={search_term_string}\"},\"query-input\":{\"@type\":\"PropertyValueSpecification\",\"valueRequired\":true,\"valueName\":\"search_term_string\"}}],\"inLanguage\":\"de\"}]}<\/script>\n<!-- \/ Yoast SEO plugin. -->","yoast_head_json":{"title":"Steckbriefe und Glossar - Informationsportal f\u00fcr Arbeitgeber der Continentale BKK","robots":{"index":"index","follow":"follow","max-snippet":"max-snippet:-1","max-image-preview":"max-image-preview:large","max-video-preview":"max-video-preview:-1"},"canonical":"https:\/\/www.informationsportal.de\/continentale-bkk\/benutzerhinweise\/steckbriefe-und-glossar\/","og_locale":"de_DE","og_type":"article","og_title":"Steckbriefe und Glossar - Informationsportal f\u00fcr Arbeitgeber der Continentale BKK","og_description":"Steckbriefe und Glossar Steckbriefe Die Steckbriefe sind eine n\u00fctzliche Unterst\u00fctzung f\u00fcr Ihre Arbeit mit dem Informationsportal. Hier werden Ihnen Themen rund um die Sozialversicherung kompakt und verst\u00e4ndlich erl\u00e4utert. Die Steckbriefe liefern Ihnen eine genaue Erl\u00e4uterung von Begriffen und beschreiben die Themen im gesamten Zusammenhang mit Blick auf die vom Arbeitgeber zu erf\u00fcllenden Meldeplichten. Auf der [&hellip;]","og_url":"https:\/\/www.informationsportal.de\/continentale-bkk\/benutzerhinweise\/steckbriefe-und-glossar\/","og_site_name":"Informationsportal f\u00fcr Arbeitgeber der Continentale BKK","article_modified_time":"2021-05-10T15:15:05+00:00","og_image":[{"url":"https:\/\/www.informationsportal.de\/continentale-bkk\/wp-content\/uploads\/sites\/49\/2017\/01\/Steckbriefe_A-Z_sv-m-2-1.png","type":"","width":"","height":""}],"twitter_card":"summary_large_image","twitter_misc":{"Gesch\u00e4tzte Lesezeit":"1\u00a0Minute"},"schema":{"@context":"https:\/\/schema.org","@graph":[{"@type":"WebPage","@id":"https:\/\/www.informationsportal.de\/continentale-bkk\/benutzerhinweise\/steckbriefe-und-glossar\/","url":"https:\/\/www.informationsportal.de\/continentale-bkk\/benutzerhinweise\/steckbriefe-und-glossar\/","name":"Steckbriefe und Glossar - Informationsportal f\u00fcr Arbeitgeber der Continentale BKK","isPartOf":{"@id":"https:\/\/www.informationsportal.de\/continentale-bkk\/#website"},"primaryImageOfPage":{"@id":"https:\/\/www.informationsportal.de\/continentale-bkk\/benutzerhinweise\/steckbriefe-und-glossar\/#primaryimage"},"image":{"@id":"https:\/\/www.informationsportal.de\/continentale-bkk\/benutzerhinweise\/steckbriefe-und-glossar\/#primaryimage"},"thumbnailUrl":"https:\/\/www.informationsportal.de\/continentale-bkk\/wp-content\/uploads\/sites\/49\/2017\/01\/Steckbriefe_A-Z_sv-m-2-1.png","datePublished":"2017-01-01T15:00:00+00:00","dateModified":"2021-05-10T15:15:05+00:00","breadcrumb":{"@id":"https:\/\/www.informationsportal.de\/continentale-bkk\/benutzerhinweise\/steckbriefe-und-glossar\/#breadcrumb"},"inLanguage":"de","potentialAction":[{"@type":"ReadAction","target":["https:\/\/www.informationsportal.de\/continentale-bkk\/benutzerhinweise\/steckbriefe-und-glossar\/"]}]},{"@type":"ImageObject","inLanguage":"de","@id":"https:\/\/www.informationsportal.de\/continentale-bkk\/benutzerhinweise\/steckbriefe-und-glossar\/#primaryimage","url":"https:\/\/www.informationsportal.de\/continentale-bkk\/wp-content\/uploads\/sites\/49\/2017\/01\/Steckbriefe_A-Z_sv-m-2-1.png","contentUrl":"https:\/\/www.informationsportal.de\/continentale-bkk\/wp-content\/uploads\/sites\/49\/2017\/01\/Steckbriefe_A-Z_sv-m-2-1.png","width":776,"height":624,"caption":"Steckbriefe \u00dcbersicht"},{"@type":"BreadcrumbList","@id":"https:\/\/www.informationsportal.de\/continentale-bkk\/benutzerhinweise\/steckbriefe-und-glossar\/#breadcrumb","itemListElement":[{"@type":"ListItem","position":1,"name":"Benutzerhinweise","item":"https:\/\/www.informationsportal.de\/continentale-bkk\/benutzerhinweise\/"},{"@type":"ListItem","position":2,"name":"Steckbriefe und Glossar"}]},{"@type":"WebSite","@id":"https:\/\/www.informationsportal.de\/continentale-bkk\/#website","url":"https:\/\/www.informationsportal.de\/continentale-bkk\/","name":"Informationsportal f\u00fcr Arbeitgeber der Continentale BKK","description":"Das Informationsportal ist ein Wegweiser zu den Meldepflichten der Sozialversicherung","potentialAction":[{"@type":"SearchAction","target":{"@type":"EntryPoint","urlTemplate":"https:\/\/www.informationsportal.de\/continentale-bkk\/?s={search_term_string}"},"query-input":{"@type":"PropertyValueSpecification","valueRequired":true,"valueName":"search_term_string"}}],"inLanguage":"de"}]}},"_links":{"self":[{"href":"https:\/\/www.informationsportal.de\/continentale-bkk\/wp-json\/wp\/v2\/pages\/2084","targetHints":{"allow":["GET"]}}],"collection":[{"href":"https:\/\/www.informationsportal.de\/continentale-bkk\/wp-json\/wp\/v2\/pages"}],"about":[{"href":"https:\/\/www.informationsportal.de\/continentale-bkk\/wp-json\/wp\/v2\/types\/page"}],"author":[{"embeddable":true,"href":"https:\/\/www.informationsportal.de\/continentale-bkk\/wp-json\/wp\/v2\/users\/2"}],"replies":[{"embeddable":true,"href":"https:\/\/www.informationsportal.de\/continentale-bkk\/wp-json\/wp\/v2\/comments?post=2084"}],"version-history":[{"count":1,"href":"https:\/\/www.informationsportal.de\/continentale-bkk\/wp-json\/wp\/v2\/pages\/2084\/revisions"}],"predecessor-version":[{"id":12674,"href":"https:\/\/www.informationsportal.de\/continentale-bkk\/wp-json\/wp\/v2\/pages\/2084\/revisions\/12674"}],"up":[{"embeddable":true,"href":"https:\/\/www.informationsportal.de\/continentale-bkk\/wp-json\/wp\/v2\/pages\/12668"}],"wp:attachment":[{"href":"https:\/\/www.informationsportal.de\/continentale-bkk\/wp-json\/wp\/v2\/media?parent=2084"}],"curies":[{"name":"wp","href":"https:\/\/api.w.org\/{rel}","templated":true}]}}