{"id":1889,"date":"2017-01-01T16:00:00","date_gmt":"2017-01-01T16:00:00","guid":{"rendered":"https:\/\/www.informationsportal.de\/?page_id=1889"},"modified":"2025-03-17T16:47:45","modified_gmt":"2025-03-17T15:47:45","slug":"links-und-adressen","status":"publish","type":"page","link":"https:\/\/www.informationsportal.de\/hkk\/ueber-das-portal\/links-und-adressen\/","title":{"rendered":"Links und Adressen"},"content":{"rendered":"Gem\u00e4\u00df \u00a7 105 SGB IV hat der GKV-Spitzenverband dieses Informationsportal errichtet. Die Sozialversicherungstr\u00e4ger sind jeweils f\u00fcr die Inhalte und ihre Richtigkeit zust\u00e4ndig, soweit sie auch die betreffenden Fachverfahren verantworten.\r\n\r\nDie beteiligten Sozialversicherungstr\u00e4ger erreichen Sie unter den nachfolgend angegebenen M\u00f6glichkeiten:\r\n<h3>GKV-Spitzenverband<\/h3>\r\nReinhardtstra\u00dfe 28, 10117 Berlin\r\nTelefon: +49 30 \/ 206 288 &#8211; 0\r\nTelefax: +49 30 \/ 206 288 &#8211; 88\r\n\r\nHomepage: <a href=\"https:\/\/www.gkv-spitzenverband.de\/\">https:\/\/www.gkv-spitzenverband.de\/\r\n<\/a>E-Mail: <a href=\"mailto:kontakt@gkv-spitzenverband.de\">kontakt@gkv-spitzenverband.de\r\n<\/a><a href=\"https:\/\/www.gkv-spitzenverband.de\/kontakt\/kontakt\" target=\"_blank\" rel=\"noopener\">Kontakt im Internet\r\n<\/a>\r\n\r\n<hr \/>\r\n\r\n<h3>Deutsche Rentenversicherung Bund<\/h3>\r\n10704 Berlin\r\nTelefon: +49 30 \/ 865 &#8211; 0\r\nTelefax: +49 30 \/ 865 \u2013 27 240\r\n\r\nHomepage: <a href=\"http:\/\/www.deutsche-rentenversicherung.de\/\">http:\/\/www.deutsche-rentenversicherung.de\/\r\n<\/a>E-Mail: <a href=\"mailto:drv@drv-bund.de\">drv@drv-bund.de\r\n<\/a><a href=\"https:\/\/www.deutsche-rentenversicherung.de\/DRV\/DE\/Beratung-und-Kontakt\/Kontakt\/kontakt_node.html\" target=\"_blank\" rel=\"noopener\">Kontakt im Internet<\/a>\r\n\r\n<hr \/>\r\n\r\n<h3>Bundesagentur f\u00fcr Arbeit<\/h3>\r\nRegensburger Stra\u00dfe 104, 90478 N\u00fcrnberg\r\nTelefon: 0800 \/ 4 5555 20;\r\naus dem Ausland +49 911 \/ 1203 1010\r\nTelefax: +49 911 \/ 179 &#8211; 2123\r\n\r\nHomepage: <a href=\"https:\/\/www.arbeitsagentur.de\/\">https:\/\/www.arbeitsagentur.de\/\r\n<\/a>Kontaktm\u00f6glichkeiten: <a title=\"https:\/\/www.arbeitsagentur.de\/ueber-uns\/ansprechpartner\" href=\"https:\/\/www.arbeitsagentur.de\/ueber-uns\/ansprechpartner\" target=\"_blank\" rel=\"noreferrer noopener\">Ihre Ansprechpartnerinnen und Ansprechpartner<\/a>\r\n\r\n&nbsp;\r\n\r\n<hr \/>\r\n\r\n<h3>Deutsche Gesetzliche Unfallversicherung e.V.<\/h3>\r\nGlinkastra\u00dfe 40, 10117 Berlin\r\nTelefon: 0800 \/ 60 50 40 4;\r\naus dem Ausland +49 30 \/ 288 763 &#8211; 800\r\nTelefax: +49 30 \/ 288 763 &#8211; 808\r\n\r\nE-Mail: <a href=\"mailto:info@dguv.de\">info@dguv.de\r\n<\/a>Homepage: <a href=\"http:\/\/www.dguv.de\/\">http:\/\/www.dguv.de\/\r\n<\/a><a href=\"http:\/\/www.dguv.de\/de\/kontakt.jsp\" target=\"_blank\" rel=\"noopener\">Kontakt im Internet\r\n<\/a>\r\n\r\n<hr \/>\r\n\r\nBetreiber des Informationsportals ist die Informationstechnische Servicestelle der gesetzlichen Krankenversicherung &#8211; ITSG GmbH.\r\nKontaktdaten: siehe Impressum","protected":false},"excerpt":{"rendered":"<p>Gem\u00e4\u00df \u00a7 105 SGB IV hat der GKV-Spitzenverband dieses Informationsportal errichtet.  Die Sozialversicherungstr\u00e4ger sind jeweils f\u00fcr die Inhalte und ihre Richtigkeit zust\u00e4ndig, soweit sie auch die betreffenden Fachverfahren verantworten.  Die beteiligten Sozialversicherungstr\u00e4ger erreichen Sie unter den nachfolgend angegebenen M\u00f6glichkeiten: GKV-Spitzenverband Reinhardtstra\u00dfe 28, 10117 Berlin Telefon: +49 30 \/ 206 288 &#8211; 0 Telefax: +49 30 [&hellip;]<\/p>","protected":false},"author":2,"featured_media":0,"parent":11,"menu_order":0,"comment_status":"closed","ping_status":"closed","template":"","meta":{"_acf_changed":false,"footnotes":""},"class_list":["post-1889","page","type-page","status-publish","hentry"],"acf":[],"yoast_head":"<!-- This site is optimized with the Yoast SEO plugin v26.3 - https:\/\/yoast.com\/wordpress\/plugins\/seo\/ -->\n<title>Links und Adressen - Informationsportal f\u00fcr Arbeitgeber der HKK<\/title>\n<meta name=\"robots\" content=\"index, follow, max-snippet:-1, max-image-preview:large, max-video-preview:-1\" \/>\n<link rel=\"canonical\" href=\"https:\/\/www.informationsportal.de\/hkk\/ueber-das-portal\/links-und-adressen\/\" \/>\n<meta property=\"og:locale\" content=\"de_DE\" \/>\n<meta property=\"og:type\" content=\"article\" \/>\n<meta property=\"og:title\" content=\"Links und Adressen - Informationsportal f\u00fcr Arbeitgeber der HKK\" \/>\n<meta property=\"og:description\" content=\"Gem\u00e4\u00df \u00a7 105 SGB IV hat der GKV-Spitzenverband dieses Informationsportal errichtet. Die Sozialversicherungstr\u00e4ger sind jeweils f\u00fcr die Inhalte und ihre Richtigkeit zust\u00e4ndig, soweit sie auch die betreffenden Fachverfahren verantworten. Die beteiligten Sozialversicherungstr\u00e4ger erreichen Sie unter den nachfolgend angegebenen M\u00f6glichkeiten: GKV-Spitzenverband Reinhardtstra\u00dfe 28, 10117 Berlin Telefon: +49 30 \/ 206 288 &#8211; 0 Telefax: +49 30 [&hellip;]\" \/>\n<meta property=\"og:url\" content=\"https:\/\/www.informationsportal.de\/hkk\/ueber-das-portal\/links-und-adressen\/\" \/>\n<meta property=\"og:site_name\" content=\"Informationsportal f\u00fcr Arbeitgeber der HKK\" \/>\n<meta property=\"article:modified_time\" content=\"2025-03-17T15:47:45+00:00\" \/>\n<meta name=\"twitter:card\" content=\"summary_large_image\" \/>\n<meta name=\"twitter:label1\" content=\"Gesch\u00e4tzte Lesezeit\" \/>\n\t<meta name=\"twitter:data1\" content=\"1\u00a0Minute\" \/>\n<script type=\"application\/ld+json\" class=\"yoast-schema-graph\">{\"@context\":\"https:\/\/schema.org\",\"@graph\":[{\"@type\":\"WebPage\",\"@id\":\"https:\/\/www.informationsportal.de\/hkk\/ueber-das-portal\/links-und-adressen\/\",\"url\":\"https:\/\/www.informationsportal.de\/hkk\/ueber-das-portal\/links-und-adressen\/\",\"name\":\"Links und Adressen - Informationsportal f\u00fcr Arbeitgeber der HKK\",\"isPartOf\":{\"@id\":\"https:\/\/www.informationsportal.de\/hkk\/#website\"},\"datePublished\":\"2017-01-01T16:00:00+00:00\",\"dateModified\":\"2025-03-17T15:47:45+00:00\",\"breadcrumb\":{\"@id\":\"https:\/\/www.informationsportal.de\/hkk\/ueber-das-portal\/links-und-adressen\/#breadcrumb\"},\"inLanguage\":\"de\",\"potentialAction\":[{\"@type\":\"ReadAction\",\"target\":[\"https:\/\/www.informationsportal.de\/hkk\/ueber-das-portal\/links-und-adressen\/\"]}]},{\"@type\":\"BreadcrumbList\",\"@id\":\"https:\/\/www.informationsportal.de\/hkk\/ueber-das-portal\/links-und-adressen\/#breadcrumb\",\"itemListElement\":[{\"@type\":\"ListItem\",\"position\":1,\"name\":\"\u00dcber das Portal\",\"item\":\"https:\/\/www.informationsportal.de\/hkk\/ueber-das-portal\/\"},{\"@type\":\"ListItem\",\"position\":2,\"name\":\"Links und Adressen\"}]},{\"@type\":\"WebSite\",\"@id\":\"https:\/\/www.informationsportal.de\/hkk\/#website\",\"url\":\"https:\/\/www.informationsportal.de\/hkk\/\",\"name\":\"Informationsportal f\u00fcr Arbeitgeber der HKK\",\"description\":\"Das Informationsportal ist ein Wegweiser zu den Meldepflichten der Sozialversicherung\",\"potentialAction\":[{\"@type\":\"SearchAction\",\"target\":{\"@type\":\"EntryPoint\",\"urlTemplate\":\"https:\/\/www.informationsportal.de\/hkk\/?s={search_term_string}\"},\"query-input\":{\"@type\":\"PropertyValueSpecification\",\"valueRequired\":true,\"valueName\":\"search_term_string\"}}],\"inLanguage\":\"de\"}]}<\/script>\n<!-- \/ Yoast SEO plugin. -->","yoast_head_json":{"title":"Links und Adressen - Informationsportal f\u00fcr Arbeitgeber der HKK","robots":{"index":"index","follow":"follow","max-snippet":"max-snippet:-1","max-image-preview":"max-image-preview:large","max-video-preview":"max-video-preview:-1"},"canonical":"https:\/\/www.informationsportal.de\/hkk\/ueber-das-portal\/links-und-adressen\/","og_locale":"de_DE","og_type":"article","og_title":"Links und Adressen - Informationsportal f\u00fcr Arbeitgeber der HKK","og_description":"Gem\u00e4\u00df \u00a7 105 SGB IV hat der GKV-Spitzenverband dieses Informationsportal errichtet. Die Sozialversicherungstr\u00e4ger sind jeweils f\u00fcr die Inhalte und ihre Richtigkeit zust\u00e4ndig, soweit sie auch die betreffenden Fachverfahren verantworten. Die beteiligten Sozialversicherungstr\u00e4ger erreichen Sie unter den nachfolgend angegebenen M\u00f6glichkeiten: GKV-Spitzenverband Reinhardtstra\u00dfe 28, 10117 Berlin Telefon: +49 30 \/ 206 288 &#8211; 0 Telefax: +49 30 [&hellip;]","og_url":"https:\/\/www.informationsportal.de\/hkk\/ueber-das-portal\/links-und-adressen\/","og_site_name":"Informationsportal f\u00fcr Arbeitgeber der HKK","article_modified_time":"2025-03-17T15:47:45+00:00","twitter_card":"summary_large_image","twitter_misc":{"Gesch\u00e4tzte Lesezeit":"1\u00a0Minute"},"schema":{"@context":"https:\/\/schema.org","@graph":[{"@type":"WebPage","@id":"https:\/\/www.informationsportal.de\/hkk\/ueber-das-portal\/links-und-adressen\/","url":"https:\/\/www.informationsportal.de\/hkk\/ueber-das-portal\/links-und-adressen\/","name":"Links und Adressen - Informationsportal f\u00fcr Arbeitgeber der HKK","isPartOf":{"@id":"https:\/\/www.informationsportal.de\/hkk\/#website"},"datePublished":"2017-01-01T16:00:00+00:00","dateModified":"2025-03-17T15:47:45+00:00","breadcrumb":{"@id":"https:\/\/www.informationsportal.de\/hkk\/ueber-das-portal\/links-und-adressen\/#breadcrumb"},"inLanguage":"de","potentialAction":[{"@type":"ReadAction","target":["https:\/\/www.informationsportal.de\/hkk\/ueber-das-portal\/links-und-adressen\/"]}]},{"@type":"BreadcrumbList","@id":"https:\/\/www.informationsportal.de\/hkk\/ueber-das-portal\/links-und-adressen\/#breadcrumb","itemListElement":[{"@type":"ListItem","position":1,"name":"\u00dcber das Portal","item":"https:\/\/www.informationsportal.de\/hkk\/ueber-das-portal\/"},{"@type":"ListItem","position":2,"name":"Links und Adressen"}]},{"@type":"WebSite","@id":"https:\/\/www.informationsportal.de\/hkk\/#website","url":"https:\/\/www.informationsportal.de\/hkk\/","name":"Informationsportal f\u00fcr Arbeitgeber der HKK","description":"Das Informationsportal ist ein Wegweiser zu den Meldepflichten der Sozialversicherung","potentialAction":[{"@type":"SearchAction","target":{"@type":"EntryPoint","urlTemplate":"https:\/\/www.informationsportal.de\/hkk\/?s={search_term_string}"},"query-input":{"@type":"PropertyValueSpecification","valueRequired":true,"valueName":"search_term_string"}}],"inLanguage":"de"}]}},"_links":{"self":[{"href":"https:\/\/www.informationsportal.de\/hkk\/wp-json\/wp\/v2\/pages\/1889","targetHints":{"allow":["GET"]}}],"collection":[{"href":"https:\/\/www.informationsportal.de\/hkk\/wp-json\/wp\/v2\/pages"}],"about":[{"href":"https:\/\/www.informationsportal.de\/hkk\/wp-json\/wp\/v2\/types\/page"}],"author":[{"embeddable":true,"href":"https:\/\/www.informationsportal.de\/hkk\/wp-json\/wp\/v2\/users\/2"}],"replies":[{"embeddable":true,"href":"https:\/\/www.informationsportal.de\/hkk\/wp-json\/wp\/v2\/comments?post=1889"}],"version-history":[{"count":5,"href":"https:\/\/www.informationsportal.de\/hkk\/wp-json\/wp\/v2\/pages\/1889\/revisions"}],"predecessor-version":[{"id":17931,"href":"https:\/\/www.informationsportal.de\/hkk\/wp-json\/wp\/v2\/pages\/1889\/revisions\/17931"}],"up":[{"embeddable":true,"href":"https:\/\/www.informationsportal.de\/hkk\/wp-json\/wp\/v2\/pages\/11"}],"wp:attachment":[{"href":"https:\/\/www.informationsportal.de\/hkk\/wp-json\/wp\/v2\/media?parent=1889"}],"curies":[{"name":"wp","href":"https:\/\/api.w.org\/{rel}","templated":true}]}}