{"id":896,"date":"2017-01-01T16:00:00","date_gmt":"2017-01-01T16:00:00","guid":{"rendered":"https:\/\/www.informationsportal.de\/?page_id=896"},"modified":"2021-01-04T15:03:18","modified_gmt":"2021-01-04T14:03:18","slug":"bescheinigungen-zum-arbeitsentgelt-bea","status":"publish","type":"page","link":"https:\/\/www.informationsportal.de\/mkk-meine-krankenkasse\/sv-bibliothek\/meldeverfahren\/bundesagentur-fuer-arbeit\/bescheinigungen-zum-arbeitsentgelt-bea\/","title":{"rendered":"Bescheinigungen zum Arbeitsentgelt (BEA)"},"content":{"rendered":"<div class=\"mc-col1\">\n<h2>Meldung von Arbeits- oder Nebeneinkommensbescheinigungen an die Bundesagentur f\u00fcr Arbeit<\/h2>\n<p>BEA hei\u00dft: Bescheinigungen elektronisch annehmen. Sie m\u00f6chten f\u00fcr einen Arbeitnehmer eine Arbeits- oder Nebeneinkommensbescheinigung ausstellen und diese elektronisch an die Bundesagentur f\u00fcr Arbeit \u00fcbermitteln?\nWeitere Informationen und Dokumente zur Nutzung des neuen Verfahrens zur elektronischen \u00dcbermittlung von Bescheinigungen (BEA) finden Sie auf der Internetseite\u00a0<a href=\"https:\/\/www.arbeitsagentur.de\/unternehmen\/personalfragen\/bea\">\u201eBescheinigungen elektronisch annehmen\u201c<\/a>\u00a0der Bundesagentur f\u00fcr Arbeit.<\/p>\n<p class=\"cr-short-description\"><\/p>\n\n<\/div>","protected":false},"excerpt":{"rendered":"<p>Meldung von Arbeits- oder Nebeneinkommensbescheinigungen an die Bundesagentur f\u00fcr Arbeit BEA hei\u00dft: Bescheinigungen elektronisch annehmen.  Sie m\u00f6chten f\u00fcr einen Arbeitnehmer eine Arbeits- oder Nebeneinkommensbescheinigung ausstellen und diese elektronisch an die Bundesagentur f\u00fcr Arbeit \u00fcbermitteln? Weitere Informationen und Dokumente zur Nutzung des neuen Verfahrens zur elektronischen \u00dcbermittlung von Bescheinigungen (BEA) finden Sie auf der Internetseite\u00a0\u201eBescheinigungen elektronisch [&hellip;]<\/p>","protected":false},"author":2,"featured_media":0,"parent":894,"menu_order":0,"comment_status":"closed","ping_status":"closed","template":"tpl_documents_blog.php","meta":{"_acf_changed":false,"footnotes":""},"class_list":["post-896","page","type-page","status-publish","hentry"],"acf":[],"yoast_head":"<!-- This site is optimized with the Yoast SEO plugin v26.3 - https:\/\/yoast.com\/wordpress\/plugins\/seo\/ -->\n<title>Bescheinigungen zum Arbeitsentgelt (BEA) - Informationsportal f\u00fcr Arbeitgeber der BKK VBU<\/title>\n<meta name=\"robots\" content=\"index, follow, max-snippet:-1, max-image-preview:large, max-video-preview:-1\" \/>\n<link rel=\"canonical\" href=\"https:\/\/www.informationsportal.de\/mkk-meine-krankenkasse\/sv-bibliothek\/meldeverfahren\/bundesagentur-fuer-arbeit\/bescheinigungen-zum-arbeitsentgelt-bea\/\" \/>\n<meta property=\"og:locale\" content=\"de_DE\" \/>\n<meta property=\"og:type\" content=\"article\" \/>\n<meta property=\"og:title\" content=\"Bescheinigungen zum Arbeitsentgelt (BEA) - Informationsportal f\u00fcr Arbeitgeber der BKK VBU\" \/>\n<meta property=\"og:description\" content=\"Meldung von Arbeits- oder Nebeneinkommensbescheinigungen an die Bundesagentur f\u00fcr Arbeit BEA hei\u00dft: Bescheinigungen elektronisch annehmen. Sie m\u00f6chten f\u00fcr einen Arbeitnehmer eine Arbeits- oder Nebeneinkommensbescheinigung ausstellen und diese elektronisch an die Bundesagentur f\u00fcr Arbeit \u00fcbermitteln? Weitere Informationen und Dokumente zur Nutzung des neuen Verfahrens zur elektronischen \u00dcbermittlung von Bescheinigungen (BEA) finden Sie auf der Internetseite\u00a0\u201eBescheinigungen elektronisch [&hellip;]\" \/>\n<meta property=\"og:url\" content=\"https:\/\/www.informationsportal.de\/mkk-meine-krankenkasse\/sv-bibliothek\/meldeverfahren\/bundesagentur-fuer-arbeit\/bescheinigungen-zum-arbeitsentgelt-bea\/\" \/>\n<meta property=\"og:site_name\" content=\"Informationsportal f\u00fcr Arbeitgeber der BKK VBU\" \/>\n<meta property=\"article:modified_time\" content=\"2021-01-04T14:03:18+00:00\" \/>\n<meta name=\"twitter:card\" content=\"summary_large_image\" \/>\n<script type=\"application\/ld+json\" class=\"yoast-schema-graph\">{\"@context\":\"https:\/\/schema.org\",\"@graph\":[{\"@type\":\"WebPage\",\"@id\":\"https:\/\/www.informationsportal.de\/mkk-meine-krankenkasse\/sv-bibliothek\/meldeverfahren\/bundesagentur-fuer-arbeit\/bescheinigungen-zum-arbeitsentgelt-bea\/\",\"url\":\"https:\/\/www.informationsportal.de\/mkk-meine-krankenkasse\/sv-bibliothek\/meldeverfahren\/bundesagentur-fuer-arbeit\/bescheinigungen-zum-arbeitsentgelt-bea\/\",\"name\":\"Bescheinigungen zum Arbeitsentgelt (BEA) - Informationsportal f\u00fcr Arbeitgeber der BKK VBU\",\"isPartOf\":{\"@id\":\"https:\/\/www.informationsportal.de\/mkk-meine-krankenkasse\/#website\"},\"datePublished\":\"2017-01-01T16:00:00+00:00\",\"dateModified\":\"2021-01-04T14:03:18+00:00\",\"breadcrumb\":{\"@id\":\"https:\/\/www.informationsportal.de\/mkk-meine-krankenkasse\/sv-bibliothek\/meldeverfahren\/bundesagentur-fuer-arbeit\/bescheinigungen-zum-arbeitsentgelt-bea\/#breadcrumb\"},\"inLanguage\":\"de\",\"potentialAction\":[{\"@type\":\"ReadAction\",\"target\":[\"https:\/\/www.informationsportal.de\/mkk-meine-krankenkasse\/sv-bibliothek\/meldeverfahren\/bundesagentur-fuer-arbeit\/bescheinigungen-zum-arbeitsentgelt-bea\/\"]}]},{\"@type\":\"BreadcrumbList\",\"@id\":\"https:\/\/www.informationsportal.de\/mkk-meine-krankenkasse\/sv-bibliothek\/meldeverfahren\/bundesagentur-fuer-arbeit\/bescheinigungen-zum-arbeitsentgelt-bea\/#breadcrumb\",\"itemListElement\":[{\"@type\":\"ListItem\",\"position\":1,\"name\":\"SV-Bibliothek\",\"item\":\"https:\/\/www.informationsportal.de\/mkk-meine-krankenkasse\/sv-bibliothek\/\"},{\"@type\":\"ListItem\",\"position\":2,\"name\":\"Meldeverfahren\",\"item\":\"https:\/\/www.informationsportal.de\/mkk-meine-krankenkasse\/sv-bibliothek\/meldeverfahren\/\"},{\"@type\":\"ListItem\",\"position\":3,\"name\":\"Bundesagentur f\u00fcr Arbeit\",\"item\":\"https:\/\/www.informationsportal.de\/mkk-meine-krankenkasse\/sv-bibliothek\/meldeverfahren\/bundesagentur-fuer-arbeit\/\"},{\"@type\":\"ListItem\",\"position\":4,\"name\":\"Bescheinigungen zum Arbeitsentgelt (BEA)\"}]},{\"@type\":\"WebSite\",\"@id\":\"https:\/\/www.informationsportal.de\/mkk-meine-krankenkasse\/#website\",\"url\":\"https:\/\/www.informationsportal.de\/mkk-meine-krankenkasse\/\",\"name\":\"Informationsportal f\u00fcr Arbeitgeber der BKK VBU\",\"description\":\"\",\"potentialAction\":[{\"@type\":\"SearchAction\",\"target\":{\"@type\":\"EntryPoint\",\"urlTemplate\":\"https:\/\/www.informationsportal.de\/mkk-meine-krankenkasse\/?s={search_term_string}\"},\"query-input\":{\"@type\":\"PropertyValueSpecification\",\"valueRequired\":true,\"valueName\":\"search_term_string\"}}],\"inLanguage\":\"de\"}]}<\/script>\n<!-- \/ Yoast SEO plugin. -->","yoast_head_json":{"title":"Bescheinigungen zum Arbeitsentgelt (BEA) - Informationsportal f\u00fcr Arbeitgeber der BKK VBU","robots":{"index":"index","follow":"follow","max-snippet":"max-snippet:-1","max-image-preview":"max-image-preview:large","max-video-preview":"max-video-preview:-1"},"canonical":"https:\/\/www.informationsportal.de\/mkk-meine-krankenkasse\/sv-bibliothek\/meldeverfahren\/bundesagentur-fuer-arbeit\/bescheinigungen-zum-arbeitsentgelt-bea\/","og_locale":"de_DE","og_type":"article","og_title":"Bescheinigungen zum Arbeitsentgelt (BEA) - Informationsportal f\u00fcr Arbeitgeber der BKK VBU","og_description":"Meldung von Arbeits- oder Nebeneinkommensbescheinigungen an die Bundesagentur f\u00fcr Arbeit BEA hei\u00dft: Bescheinigungen elektronisch annehmen. Sie m\u00f6chten f\u00fcr einen Arbeitnehmer eine Arbeits- oder Nebeneinkommensbescheinigung ausstellen und diese elektronisch an die Bundesagentur f\u00fcr Arbeit \u00fcbermitteln? Weitere Informationen und Dokumente zur Nutzung des neuen Verfahrens zur elektronischen \u00dcbermittlung von Bescheinigungen (BEA) finden Sie auf der Internetseite\u00a0\u201eBescheinigungen elektronisch [&hellip;]","og_url":"https:\/\/www.informationsportal.de\/mkk-meine-krankenkasse\/sv-bibliothek\/meldeverfahren\/bundesagentur-fuer-arbeit\/bescheinigungen-zum-arbeitsentgelt-bea\/","og_site_name":"Informationsportal f\u00fcr Arbeitgeber der BKK VBU","article_modified_time":"2021-01-04T14:03:18+00:00","twitter_card":"summary_large_image","schema":{"@context":"https:\/\/schema.org","@graph":[{"@type":"WebPage","@id":"https:\/\/www.informationsportal.de\/mkk-meine-krankenkasse\/sv-bibliothek\/meldeverfahren\/bundesagentur-fuer-arbeit\/bescheinigungen-zum-arbeitsentgelt-bea\/","url":"https:\/\/www.informationsportal.de\/mkk-meine-krankenkasse\/sv-bibliothek\/meldeverfahren\/bundesagentur-fuer-arbeit\/bescheinigungen-zum-arbeitsentgelt-bea\/","name":"Bescheinigungen zum Arbeitsentgelt (BEA) - Informationsportal f\u00fcr Arbeitgeber der BKK VBU","isPartOf":{"@id":"https:\/\/www.informationsportal.de\/mkk-meine-krankenkasse\/#website"},"datePublished":"2017-01-01T16:00:00+00:00","dateModified":"2021-01-04T14:03:18+00:00","breadcrumb":{"@id":"https:\/\/www.informationsportal.de\/mkk-meine-krankenkasse\/sv-bibliothek\/meldeverfahren\/bundesagentur-fuer-arbeit\/bescheinigungen-zum-arbeitsentgelt-bea\/#breadcrumb"},"inLanguage":"de","potentialAction":[{"@type":"ReadAction","target":["https:\/\/www.informationsportal.de\/mkk-meine-krankenkasse\/sv-bibliothek\/meldeverfahren\/bundesagentur-fuer-arbeit\/bescheinigungen-zum-arbeitsentgelt-bea\/"]}]},{"@type":"BreadcrumbList","@id":"https:\/\/www.informationsportal.de\/mkk-meine-krankenkasse\/sv-bibliothek\/meldeverfahren\/bundesagentur-fuer-arbeit\/bescheinigungen-zum-arbeitsentgelt-bea\/#breadcrumb","itemListElement":[{"@type":"ListItem","position":1,"name":"SV-Bibliothek","item":"https:\/\/www.informationsportal.de\/mkk-meine-krankenkasse\/sv-bibliothek\/"},{"@type":"ListItem","position":2,"name":"Meldeverfahren","item":"https:\/\/www.informationsportal.de\/mkk-meine-krankenkasse\/sv-bibliothek\/meldeverfahren\/"},{"@type":"ListItem","position":3,"name":"Bundesagentur f\u00fcr Arbeit","item":"https:\/\/www.informationsportal.de\/mkk-meine-krankenkasse\/sv-bibliothek\/meldeverfahren\/bundesagentur-fuer-arbeit\/"},{"@type":"ListItem","position":4,"name":"Bescheinigungen zum Arbeitsentgelt (BEA)"}]},{"@type":"WebSite","@id":"https:\/\/www.informationsportal.de\/mkk-meine-krankenkasse\/#website","url":"https:\/\/www.informationsportal.de\/mkk-meine-krankenkasse\/","name":"Informationsportal f\u00fcr Arbeitgeber der BKK VBU","description":"","potentialAction":[{"@type":"SearchAction","target":{"@type":"EntryPoint","urlTemplate":"https:\/\/www.informationsportal.de\/mkk-meine-krankenkasse\/?s={search_term_string}"},"query-input":{"@type":"PropertyValueSpecification","valueRequired":true,"valueName":"search_term_string"}}],"inLanguage":"de"}]}},"_links":{"self":[{"href":"https:\/\/www.informationsportal.de\/mkk-meine-krankenkasse\/wp-json\/wp\/v2\/pages\/896","targetHints":{"allow":["GET"]}}],"collection":[{"href":"https:\/\/www.informationsportal.de\/mkk-meine-krankenkasse\/wp-json\/wp\/v2\/pages"}],"about":[{"href":"https:\/\/www.informationsportal.de\/mkk-meine-krankenkasse\/wp-json\/wp\/v2\/types\/page"}],"author":[{"embeddable":true,"href":"https:\/\/www.informationsportal.de\/mkk-meine-krankenkasse\/wp-json\/wp\/v2\/users\/2"}],"replies":[{"embeddable":true,"href":"https:\/\/www.informationsportal.de\/mkk-meine-krankenkasse\/wp-json\/wp\/v2\/comments?post=896"}],"version-history":[{"count":4,"href":"https:\/\/www.informationsportal.de\/mkk-meine-krankenkasse\/wp-json\/wp\/v2\/pages\/896\/revisions"}],"predecessor-version":[{"id":10732,"href":"https:\/\/www.informationsportal.de\/mkk-meine-krankenkasse\/wp-json\/wp\/v2\/pages\/896\/revisions\/10732"}],"up":[{"embeddable":true,"href":"https:\/\/www.informationsportal.de\/mkk-meine-krankenkasse\/wp-json\/wp\/v2\/pages\/894"}],"wp:attachment":[{"href":"https:\/\/www.informationsportal.de\/mkk-meine-krankenkasse\/wp-json\/wp\/v2\/media?parent=896"}],"curies":[{"name":"wp","href":"https:\/\/api.w.org\/{rel}","templated":true}]}}